 ((5 - 0) + 0)?
4
Calculate -33 + (-15 + 12 - (-8 - -2)).
-30
What is the value of -4 + (-11 - -13) + 7 + (3 - -12)?
20
Calculate -1 + (-83 - -80) + 1 + 9 + 7.
13
What is 21 + -6 + 1 - 0 - (1 - 3)?
18
What is the value of 0 + (11 - (-6 - (4 + -12)))?
9
(-6 - (-2 - 9)) + 2
7
Calculate 1478 + -1477 - (0 + (17 - 1)).
-15
Evaluate -39 + 6 + (-31 - -60).
-4
What is the value of (-403 - -404) + (1 - 6)?
-4
Evaluate 31 + -6 + (-5 - 16).
4
What is the value of 5 + (-4 - (-3 - 4)) + (37 - 36)?
9
What is 16 - (12 - -8 - 28)?
24
What is the value of 16 - 20 - -5 - -6?
7
Evaluate 6 + (30 - 17 - 8).
11
What is the value of (-420 - -426) + -41 + 2 + 2?
-31
Evaluate (7 - (15 + (-4 - 1)) - 5) + 4.
-4
13 + 10 + -14 + -16 + -12
-19
What is the value of (8 - (11 - 9)) + -4 + 0?
2
Evaluate (-15 - -1) + 15 + 8.
9
Evaluate -2 + 6 + 1 + 2 + 0.
7
What is 31 + -27 - -19 - 17?
6
What is the value of 4 - 13 - (0 - 0) - -12?
3
Calculate -3 - 5 - (5 + -2 - 26).
15
Calculate -8 - 13 - (-5 - 9).
-7
What is the value of -9 - (16 + (-28 - -18))?
-15
Evaluate (10 - -4 - 9) + 13 - 6.
12
What is the value of 23 - (7 + (-12 - -12) + -8)?
24
Evaluate (-23 - -16 - (-1 + -4)) + 2.
0
What is the value of -7 + (6 - (7 + -4 + (-3 - -1)))?
-2
What is the value of (29 - 5) + -165 + 160?
19
-2 + -2 - ((-39 - -20 - -6) + -19)
28
(-32 - (0 + -10)) + (6 - (-6 + 5))
-15
Evaluate -20 - -4 - (6 - 12).
-10
What is 14 + 1 + (8 - (-8 - -23)) - -8?
16
What is 2 + 3 + -99 + 80?
-14
Evaluate 0 + -10 + (1 - (33 + -23)).
-19
Calculate -2 + 2 + (-5 + 3 - (13 - 2)).
-13
Calculate -5 - (1 + 0 + -12 + (-4 - -10)).
0
Calculate -10 + -5 + 8 - ((-14 - 6) + -3).
16
Evaluate 47 + -28 - (4 + 7).
8
What is the value of 18 + -6 + 15 + -4?
23
6 - -1 - (44 - (-7 - -12 - -13))
-19
-7 + -8 + -7 + 21 + 1
0
Calculate 6 - (-2 + -5 - 2 - (51 + -57)).
9
What is the value of 1 + 18 + (0 - -2) + -296 + 288?
13
-11 + -2 + (-55 - -55) - 4
-17
What is the value of (-77 - -73) + (4 - (-4 - -3))?
1
(7 - 12) + (-7 - -20)
8
-13 + 0 - (98 - 127) - 24
-8
What is 6 + 19 + 23 + -49?
-1
What is the value of -16 - ((-4 - -17) + -10)?
-19
Calculate 8 - -24 - -14 - 33.
13
What is the value of (-22 - (44 + -33)) + 13?
-20
Calculate 9 + -1 + (-14 - -10) + -7.
-3
What is the value of (16 - 2) + -37 + (-8 - (2 - 8))?
-25
Calculate (7 - 2) + 8 - 4 - 3.
6
What is the value of 1 - (15 + -19 + 11)?
-6
What is the value of 16 - (-2 - -6 - (-42 + 16 - -39))?
25
What is -556 + 571 + (11 - (4 + -1))?
23
What is the value of 14 - (50 - (-2 + 7 + 14))?
-17
Evaluate 25 + 2 - (-35 + 46).
16
What is the value of (8 - -5) + 19 + -18 + 5?
19
Calculate (51 - -2) + -14 + (19 - 37).
21
What is the value of 10 - ((13 - -5) + -6)?
-2
Calculate 7 - (-11 - (-36 + 5 - -5)).
-8
Calculate 12 + -29 + 25 - (10 + -1) - 3.
-4
What is 10 - (24 + -9) - (2 - 17 - 4)?
14
Calculate (15 - (-26 - -24)) + -20.
-3
Evaluate -1 + (-10 - -19 - 7).
1
Calculate -16 + (-6 - -4 - 2) + 10.
-10
What is 3 + 5 - (4 - (3 + 4 - 1))?
10
19 - 19 - (-5 - (0 + -1 + 4))
8
21 + (-25 - 5) - -32
23
What is the value of 17 + -16 - (13 - -7)?
-19
What is (1 - 14 - -5 - (11 + -15)) + -2?
-6
What is 7 + (7 - -9 - 2)?
21
What is the value of -3 + (-10 - -9) + 12 - (-5 + 2)?
11
What is -30 + -27 + -7 + 93?
29
12 - (-16 + 11 - -6)
11
What is -8 - -2 - (-21 - 17)?
32
Evaluate -1 - (-16 + 4 + 3) - -5.
13
Calculate 10 - (-31 + 69 + -22).
-6
5 - (2 - (-14 + 3 + 0 + 1))
-7
Calculate (-2 - -5) + -24 - (-88 - -89).
-22
What is -24 - (3 + -33 - -15)?
-9
What is -1 - (-11 + 5) - ((-2 - 2) + 1)?
8
Calculate 12 + (-4 - 20 - 10 - -6).
-16
Evaluate 3 + -11 + 20 - 16.
-4
Evaluate 5 + (-14 + 4 - -4) + 31 + -18.
12
What is -37 - (-69 + (23 - -7))?
2
2 + 1 + (-13 - (14 + -22)) + 11
9
Calculate (-23 - -44 - -40) + -40.
21
Calculate (2 + 4 - (4 + 10)) + -5.
-13
-17 + 0 + 9 + 298 + -305
-15
What is -19 - (-29 - -53) - -20?
-23
What is -12 + (-2 - (-5 + 1)) + (13 - 16)?
-13
What is -15 - (0 + (-2 - 2) - 2)?
-9
What is (2 - (3 + -11)) + 22 + -13?
19
What is 15 - (8 - 3) - -2 - -8?
20
Calculate (1 - 7) + 7 + (-31 - -24) + 24.
18
What is (19 - 3) + (12 + -8 - -3) - 7?
16
What is 0 - 30 - ((11 - 14) + -2 - -2)?
-27
What is 34 + -23 + -6 + 2?
7
(-24 - (3 + -25)) + (7 - -1)
6
Calculate (-49 + 31 - -19) + -14.
-13
What is 12 + (2 - -20) + -16?
18
Calculate -3 + 11 + (6 - 17 - (-3 - 0)).
0
Evaluate (40 + -26 - 23) + 8.
-1
What is 8 + (0 - -35) + -52?
-9
Calculate -4 + 0 - ((-14 - 8) + 16).
2
Calculate -9 - -2 - (20 + -26).
-1
What is (9 - (-6 - (6 + -18)) - 9) + -14?
-20
-2 + (-7 - -49 - (-5 + 1 + 12))
32
Calculate 28 + -2 + (-87 - -72).
11
Evaluate 2 - 14 - (-1 - (-1 - (0 + -2))).
-10
Evaluate -18 + -2 + -4 + 7 + 5.
-12
Calculate (-9 - -4) + 8 - (3 + -6).
6
Calculate 11 - (1 + 22 + (53 - 63) + -4).
2
What is the value of 3 + -8 + -37 - (5 + 4 + -16)?
-35
Calculate -3 + -6 + -4 + 10 - 2 - -4.
-1
Calculate 1 - -3 - (-6 + 18 - 1 - 14).
7
(-24 - 1) + -61 + 2 + 62
-22
What is 0 + 2 - (6 + 9 + -15)?
2
4 + -9 - (-27 - -27)
-5
What is (5 + 1 - -16) + -10?
12
Calculate -12 + -2 - (38 + -28 + -14).
-10
What is the value of -7 + -1 + (15 - (-2 + 6 + 3))?
0
What is the value of -102 + 114 - (24 + -13)?
1
What is the value of -5 - ((-7 - -16) + -25 + 0)?
11
Evaluate 1 + -2 - (-26 + 46).
-21
-12 + (0 - 12) + 29
5
Calculate (11 - 0) + 13 + -14.
10
Evaluate -2 + 1 + -3 + -929 + 915.
-18
10 + -4 + (8 - (11 - -6))
-3
What is the value of (22 - 30) + (-3 + -5 + 12 - -5)?
1
What is -14 - (3 + 1) - -18?
0
What is the value of (-8 - (-13 + -12)) + 24 + -13?
28
What is -30 + 30 + -6 + -2 + 5 + 2?
-1
Calculate 2 - ((-12 + 12 - 6) + 13 + -4).
-1
What is the value of (17 - -2) + (-120 - -79)?
-22
Calculate (455 - 452) + (-6 - (2 + -4) - -10).
9
-7 - (-33 - (31 - 42))
15
What is the value of (-12 + 21 - 5) + (-3 - 0 - -1)?
2
Evaluate (36 - (6 - -8)) + -9.
13
Calculate 14 + -1 + 26 + -17.
22
Calculate (3 - -7) + -49 + 41 + 12.
14
Calculate -8 - (18 - (-5 + 16)).
-15
What is 0 - 5 - (112 - 105)?
-12
Evaluate (-9 - (-6 + 4) - -9) + -7.
-5
Evaluate -14 - (-4 + (-17 - -2)).
5
21 + 12 + -41 + (10 - -1)
3
What is the value of 18 - 7 - ((-6 - -23) + -5)?
-1
What is 1 - -1 - -34 - (-1137 + 1144)?
29
Evaluate -17 + -5 + 11 + 33.
22
What is the value of (-98 - -104) + (-1 - -10) - 1?
14
What is -5 - (-9 + 15 + (1 - 3))?
-9
What is (-4 - (-3 - -2 - 3)) + -3 + 13?
10
Calculate -6 + 31 - (46 - -3).
-24
Calculate 4 + -2 + -5 + 2 - (-15 - -8).
6
What is -2 + -8 + -45 + 54 - (-1 - -12)?
-12
Evaluate -5 - (13 + -13 + -3).
-2
Evaluate 13 + (15 - 1 - 21 - -20).
26
Evaluate (5 - 3 - -4) + (21 - 20) - 10.
-3
6 + -2 + -22 + 7
-11
15 - 1 - (-25 + 18 + 13) - -2
10
-6 + -1 - (846 - 868)
15
What is -3 + 2 + -6 - -10?
3
(3 - (18 + -6)) + 8 + -9
-10
Evaluate -38 - -10 - -6 - 1.
-23
What is 3 + 3 + -37 + 38 - 18?
-11
What is 19 - 1 - (703 + -695)?
10
What is the value of -15 - ((1 - 0 - 0) + -134 + 137)?
-19
What is -2 + 50 + -1055 + 1030?
23
What is 1 - 3 - (301 + -295)?
-8
Evaluate -2 + (3 - -25 - 6).
20
What is the value of (-1 - 8) + -10 + 20?
1
12 + (6 - 18) + 7 + 8
15
Calculate (-3 - (6 + -6)) + 5 + (12 - -3).
17
Calculate 4 + (8 - 15) + (11 - (-3 + 4)).
7
What is the value of -14 + 41 + (15 - 46)?
-4
What is -1058 + 1063 - (-31 + (-2 - (-1 + -1)))?
36
Evaluate -18 + 4 - -10 - (0 + 6).
-10
Calculate -6 + 6 + -7 - -3 - (3 - 4).
-3
What is 25 + (-62 - -39) - (24 - 2)?
-20
Evaluate -22 - (17 - (7 - -24)).
-8
Evaluate (-10 - -1) + -10 + -1 + 7.
-13
(-8 - -15) + 1 + 7 + -4
11
What is (1 - (13 + -15)) + 7?
10
What is the value of 8 - (0 + 2 + 0 + 7 + -10)?
9
Calculate (-5 - 6) + (21 - 11).
-1
What is -16 - 1 - (0 - (9 - (1 - -1)))?
-10
Calculate -3 - (1 + 0) - (-21 + 16).
1
-19 + (-3 - -30) + 1 + -1
8
-10 - (-12 + -13 + 23) - 25
-33
Calculate (-5 - -2 - 0) + -97 + 114 + -6.
8
What is the value of -13 + 18 + -6 - 14?
-15
What is (-1 + 19 - 22) + (3 - 0) + 1?
0
Evaluate (-27 - ((8 - 15) + 0 + 11)) + -7.
-38
(0 + 0 - 3) + (21 - (16 + 0))
2
What is the value of 3 - ((-9 - (18 - 7)) + 7)?
16
-16 - -10 - -31 - -1
26
What is -1 + 6 + 2 - (20 + 5 + -1)?
-17
Calculate 183 + -186 - (1 - 1).
-3
-6 - ((4 + -7 - -6) + -16) - 21
-14
Evaluate 11 + -1 - (46 + 68 + -113).
9
11 + 203 + -201 + (3 - 0)
16
What is the value of -2 - -17 - ((-7 - -17) + -1) - 14?
-8
Calculate 8 - (-8 - -16 - 7).
7
What is the